umber?
True
Let y be 1605 - -1 - (-6 - -9). Let v = y + -283. Let x = v + -763. Is x composite?
False
Let c be 0/(-2)*2/4. Suppose -y = 3*y, c = 5*h + 4*y - 280. Let z = h - -3. Is z composite?
False
Let b(k) = k**2 + 21*k + 94. Let f be b(-31). Suppose 3*t - 9*g + 7*g = 1197, -t - g + f = 0. Is t composite?
False
Suppose 5*z - 679599 = -2*p, 8*p - 3*z - 755976 = 1962397. Is p a composite number?
True
Is (-649)/(-236) + 2672925/20 a composite number?
False
Is ((-1598)/68 - -24)/((2/(-1))/(-392828)) a composite number?
False
Suppose 5*b + 37 = -3*m + 66, -2*m + 24 = b. Suppose 0 = -y + 3, 17*x = m*x - y + 57287. Is x composite?
False
Let t = 17964 - 8047. Is t a composite number?
True
Suppose -y - 4*h - 24 = 0, 135 = -3*y - 4*h + 39. Is 34602/24 + 27/y a composite number?
True
Let g be (406/3 + 5)*(2 - -1). Suppose 0 = 5*m + 15, -303 = 4*n - 4*m + 189. Let b = n + g. Is b prime?
False
Let u(y) = 26*y + 45. Suppose 4*i - 50 = -2*j, 5*i + 3*j - 64 = -0*j. Is u(i) a prime number?
True
Suppose 0 = -11*i + 4*i - 70. Is (-95532)/i - (54/45)/6 prime?
False
Let n(w) = 260883*w**2 + 343*w + 341. Is n(-1) composite?
True
Suppose -215*u - 114468 + 684863 = 0. Is u composite?
True
Let o be -2*3/6 + -1 + 1160. Suppose -4*u = -4*s + 3524, u + o = 2*s - 600. Is s composite?
False
Suppose c - 4*q = 56885, -248140 = -3*c + 2*q - 77515. Is c prime?
True
Suppose 0*y = y - 2*y. Is 521/1*(-3 - -4 - y) prime?
True
Suppose -3*i + 4*p + 1336 = -689, 0 = 5*i + 2*p - 3401. Let z = 730 + i. Is z a prime number?
True
Let v be (-3)/(((-7)/(-2))/(-7)). Suppose -v*s - 543 = -5061. Let g = -464 + s. Is g composite?
True
Suppose -3*x + 451771 = 5*r, 32368 - 122727 = -r - 3*x. Is r composite?
False
Is (29/(-174))/((-9)/8691048)*(-6)/(-8) composite?
False
Let c be (-6*4/(-6))/2. Let l(h) = -c*h - 30*h - 14 - 51 + 8*h. Is l(-21) prime?
True
Let s = 129211 - -235448. Is s a composite number?
True
Suppose -2*j - 4*x + 12718 + 1652 = 0, 2*x = 5*j - 35973. Is j prime?
True
Suppose -4*u + 4*m = 16, 0*u + 2*m = 4*u + 6. Suppose v - 2*g - 14 = 0, -g + 2 = -2*v + 15. Is (v/(-6) - (-8115)/9)/u prime?
False
Let a be (-8088)/(-30)*70/4. Let w = a + -3363. Suppose -b = 4*k - w, -2*b - 2*k = -b - 1361. Is b a composite number?
False
Let t(q) = -q**3 + 8*q**2 - 4*q. Let k be t(5). Let s = 53 - k. Let h(x) = 754*x**2 - 4*x - 5. Is h(s) composite?
False
Let b be (261/6)/(18/1212). Suppose -19097 = -6*y + b. Is y prime?
True
Let w be (-362)/((-2 - 13/(-5)) + -1). Let q = w + -16. Is q composite?
True
Let x(r) = r - 1. Let s(q) = q**2 - 12*q + 11. Let y(p) = -2*s(p) - 22*x(p). Let t be y(2). Is ((-994)/(-3))/(t/(-6)) a composite number?
True
Let c = 74274 + 34997. Is c composite?
True
Let s = -12365 + 16771. Is s a composite number?
True
Let o(x) = x**3 + 3*x**2 - 2. Let k be o(-2). Suppose 0 = 23*z - k*z - 61089. Is z a composite number?
False
Let z be 41 + -25 - (-2 + 0). Is (z - 14) + 68003 + 0 prime?
False
Let o(x) = -x - 5. Suppose -3*l + 27 = -4*t, -l - 3 - 4 = 4*t. Let h be o(t). Is 5/(-10)*587*h a composite number?
False
Let y be 29024*((2 - -5) + -6). Suppose -22*j + y = -6*j. Is j a prime number?
False
Let w be (16/3)/8 - 296/3. Let f be 28/w + (-25134)/(-14). Suppose f = -6*i + 11*i. Is i composite?
False
Let v(s) be the second derivative of s**5/20 - s**4/12 + s**3/6 - 7*s. Let x be v(6). Let l = 503 - x. Is l composite?
False
Let b(f) = 6998*f + 1677. Is b(5) a composite number?
True
Let b be -2*(8/(-36) - (-32)/(-18)). Suppose 2*s = -5*m + 2078, -7*s + 4*s + b*m + 3163 = 0. Is s composite?
False
Let p be -5*(0 + (-4)/10). Suppose 3*b = p*z - 3924, -6565 = 5*b - 0*z + 5*z. Let v = b + 2071. Is v a composite number?
False
Let d = 236 + -233. Suppose -4*x + 6263 = d*f - 9*x, -4182 = -2*f + 5*x. Is f composite?
False
Let o = 193 + -167. Is ((-2726)/(-4))/(13/o) a prime number?
False
Suppose 420283 = 4*y - b, 0 = 4*y - 2*b - 49569 - 370713. Is y a composite number?
False
Let g(i) = 278*i**2 - 4*i - 4. Let h be g(-2). Suppose 0 = -4*u - 4*o + 780 + h, -3*o = u - 464. Is u a composite number?
False
Let l(h) = -253*h**2 - 3. Let u(v) = 9*v**2. Let n(y) = -l(y) + 2*u(y). Suppose -4*p + p - 6 = 0. Is n(p) a prime number?
True
Let f be 2174*((-4)/(-1) + (5 - 8)). Let w = f - 1171. Is w a prime number?
False
Suppose -3*z + 20 = 32, 7*f - 737615 = z. Is f a composite number?
False
Suppose 107901 + 1327055 = 4*p - 2*a, -5*p - 4*a + 1793682 = 0. Is p a composite number?
True
Let o be (20/(-3))/5*(-45)/30. Is (o/3)/(4/(-3))*-5158 prime?
True
Let m(g) = 2*g**2 + 131*g - 6085. Is m(84) a prime number?
True
Let c(a) = 21*a - 32. Let f be c(7). Suppose 2*g = 167 + f. Suppose -4*d = -961 + g. Is d a prime number?
False
Let z = -9820 + 16657. Let q = z - 2068. Is q a composite number?
True
Suppose -29*d + 42*d = -117. Let k(s) = 3*s + 54. Let z(p) = -p - 1. Let g(r) = k(r) + 5*z(r). Is g(d) a prime number?
True
Suppose 15 = 9*q - 21. Let n(o) = 11 - q*o**2 + 2 - 5*o + 0*o**2 - 14 - 327*o**3. Is n(-2) a composite number?
False
Let r = -39759 + 61988. Is r a composite number?
False
Let k(s) = 155024*s**3 - 10*s**2 + 20*s + 6. Is k(2) composite?
True
Suppose 168*b = 183*b - 1386255. Is b prime?
False
Suppose -50*o + 14 = -48*o, -282248 = -2*t + 2*o. Is t a prime number?
True
Let g(y) = -y**3 + 34*y**2 - 11*y + 1. Is g(18) composite?
False
Suppose 5*j + 18 = -7, -5*f + 185 = j. Is ((-1957)/2)/((-19)/f) a composite number?
True
Suppose -2*u = -5*u - 4*m + 84, -33 = -2*u + 5*m. Suppose 0 = 4*v - u*v + 3820. Is v a prime number?
True
Let d(w) = -5*w**3 + 2*w**2 + 3*w + 24. Let c be d(-10). Let p = c + -3631. Is p a prime number?
False
Suppose -3*j + 4*l = -1948855, 13*j - 15*j + 1299246 = -5*l. Is j a prime number?
True
Let z(t) = -t**2 + 11*t - 5. Let a be z(7). Suppose -p = -0*p - 4*u - 4, -p = -3*u - 9. Suppose a*g - p*g = -211. Is g prime?
True
Suppose -5892875 = -82*z + 2000363. Is z prime?
True
Suppose -28*h = -n - 33*h + 1209048, -5*n + 6045271 = -6*h. Is n composite?
False
Suppose -33*n - 57*n + 8049870 = 0. Is n prime?
True
Let p(d) = -32*d**3 - d**2 + 1. Let r be p(-1). Suppose 0 = -2*j - 2*j + r. Is 15/(-40) + 179/j composite?
True
Suppose -3*w + 4*t = -1363711, -4*w + 4*t + 1818318 = 6*t. Is w composite?
False
Suppose 4*f - 3*y = 3970, -3*y - 1153 = -3*f + 1823. Suppose -24*w - f = -26*w. Is w prime?
False
Suppose 5*d = n + 21014 + 29383, -3*d + 4*n + 30245 = 0. Is d prime?
True
Let m(d) = -d**2 - 11*d + 61. Let j be m(4). Let r(h) = 966*h**3 + 2*h**2 + 8*h - 9. Is r(j) a composite number?
False
Let v = -952 - -1394. Suppose 0 = 4*z - 5*z + 293. Let g = v - z. Is g a prime number?
True
Let c = -71 + 192. Let x be ((-3)/(-9))/((-23)/(-5658)). Let i = c + x. Is i composite?
True
Let d = 747 + -803. Is (d/16 + 3)/((-2)/34284) composite?
True
Let s = 226611 - 44734. Is s a prime number?
False
Let t(r) = 5*r**3 - 2*r**2 + r + 2. Let u be t(-1). Let d be 4696407/217 + u/14. Is d/12*(2 + -2 + 2) a prime number?
True
Let m = -1965 - -1964. Let c be 10/14 - 2/(-7). Is c/(m/991)*-1 prime?
True
Let m(l) = 2008*l**2 - 36*l + 94. Is m(6) prime?
False
Let y(l) = -l**3 + 10*l**2 - 8*l - 6. Let t be y(9). Suppose 5*x - u - 1572 = 1882, 2*x + t*u - 1385 = 0. Is x composite?
False
Let f(x) = -11*x**2 + 53*x + 81. Let n(t) = 5*t**2 - 26*t - 41. Let l(u) = -6*f(u) - 13*n(u). Let z be l(-27). Let a = 195 + z. Is a prime?
True
Let q = 3200935 - 1181708. Is q composite?
True
Suppose -8*r + 7*r + 400 = 0. Suppose -20283 = 397*y - r*y. Is y prime?
True
Suppose 5*q - 2*q = w, 4*w + 5*q = 17. Suppose w*l = 6761 - 1682. Is l composite?
False
Suppose -2 - 18 = -5*a + z, 0 = -2*a - 5*z + 35. Suppose -27 = a*n - 2547. Let f = 793 - n. Is f prime?
False
Let f = -131244 + 344213. Is f a composite number?
False
Suppose -4*k + 24333 = 2*s - 45855, 87731 = 5*k + 2*s. Is k composite?
True
Let x(p) = 19*p**2 + 4*p + 1. Let s be (-2 - -3)*(82 + -2)/(-4). Let m = 18 + s. Is x(m) a composite number?
True
Let x be 112/(-84)*6/(-4). Suppose -5*f + 700 = 3*d - 1167, 0 = -x*d + f + 1262. Is d composite?
True
Let r(w) = -w**3 + 13*w**2 - 15*w - 16. Let y be r(9). Let b = y - 52. Is b a prime number?
False
Suppose -100*t - 2*f = -105*t + 1081023, -2*f = -2*t + 432414. Is t composite?
True
Let d(s) = 321*s**3 + 19*s**2 + 11*s - 250. Is d(9) a